{"id":643,"date":"2018-05-22T17:56:38","date_gmt":"2018-05-22T15:56:38","guid":{"rendered":"http:\/\/yeziden-ostfriesland.de\/?page_id=643"},"modified":"2024-08-09T14:10:00","modified_gmt":"2024-08-09T12:10:00","slug":"impressum","status":"publish","type":"page","link":"https:\/\/yeziden-ostfriesland.de\/?page_id=643","title":{"rendered":"Impressum"},"content":{"rendered":"\t\t<div data-elementor-type=\"wp-post\" data-elementor-id=\"643\" class=\"elementor elementor-643\">\n\t\t\t\t\t\t<section class=\"elementor-section elementor-top-section elementor-element elementor-element-f8bade3 elementor-section-boxed elementor-section-height-default elementor-section-height-default\" data-id=\"f8bade3\" data-element_type=\"section\">\n\t\t\t\t\t\t<div class=\"elementor-container elementor-column-gap-default\">\n\t\t\t\t\t<div class=\"elementor-column elementor-col-100 elementor-top-column elementor-element elementor-element-869558e\" data-id=\"869558e\" data-element_type=\"column\" data-settings=\"{&quot;background_background&quot;:&quot;classic&quot;}\">\n\t\t\t<div class=\"elementor-widget-wrap elementor-element-populated\">\n\t\t\t\t\t\t<div class=\"elementor-element elementor-element-2e6dc12 elementor-view-framed elementor-shape-circle elementor-widget elementor-widget-icon\" data-id=\"2e6dc12\" data-element_type=\"widget\" data-widget_type=\"icon.default\">\n\t\t\t\t<div class=\"elementor-widget-container\">\n\t\t\t\t\t<div class=\"elementor-icon-wrapper\">\n\t\t\t<div class=\"elementor-icon elementor-animation-pulse-grow\">\n\t\t\t<i aria-hidden=\"true\" class=\"fas fa-gavel\"><\/i>\t\t\t<\/div>\n\t\t<\/div>\n\t\t\t\t<\/div>\n\t\t\t\t<\/div>\n\t\t\t\t<div class=\"elementor-element elementor-element-58fc515 elementor-widget elementor-widget-heading\" data-id=\"58fc515\" data-element_type=\"widget\" data-widget_type=\"heading.default\">\n\t\t\t\t<div class=\"elementor-widget-container\">\n\t\t\t<h2 class=\"elementor-heading-title elementor-size-default\">Impressum<\/h2>\t\t<\/div>\n\t\t\t\t<\/div>\n\t\t\t\t\t<\/div>\n\t\t<\/div>\n\t\t\t\t\t<\/div>\n\t\t<\/section>\n\t\t\t\t<section class=\"elementor-section elementor-top-section elementor-element elementor-element-cccffb7 elementor-section-boxed elementor-section-height-default elementor-section-height-default\" data-id=\"cccffb7\" data-element_type=\"section\">\n\t\t\t\t\t\t<div class=\"elementor-container elementor-column-gap-default\">\n\t\t\t\t\t<div class=\"elementor-column elementor-col-50 elementor-top-column elementor-element elementor-element-256d688\" data-id=\"256d688\" data-element_type=\"column\" data-settings=\"{&quot;background_background&quot;:&quot;classic&quot;}\">\n\t\t\t<div class=\"elementor-widget-wrap elementor-element-populated\">\n\t\t\t\t\t\t<div class=\"elementor-element elementor-element-02d54ca elementor-widget elementor-widget-text-editor\" data-id=\"02d54ca\" data-element_type=\"widget\" data-widget_type=\"text-editor.default\">\n\t\t\t\t<div class=\"elementor-widget-container\">\n\t\t\t\t\t\t\t<h3><strong style=\"font-size: 17px; letter-spacing: 0px;\">E-Zi-Di Yezidischer Kulturverein in Ostfriesland e. V.<\/strong><\/h3><p><strong>Anschrift:<\/strong>\u00a0<\/p><p>E-Zi-Di Yezidischer Kulturverein in Ostfriesland e. V.<br \/>Dr.-Warsing-Str. 81<br \/>26802 Moormerland<br \/>Ostfriesland, Deutschland<\/p><p><strong>Vertreten durch:<\/strong><\/p><ol><li>Vorsitzender: Volkan Pamukcu<\/li><li>Vorsitzender: Kadri Tunc<\/li><\/ol><p><strong>Kontakt:<\/strong> Telefon: 04954 3051909<br \/>E-Mail: <a rel=\"noreferrer\">team@yeziden-ostfriesland.de<\/a><br \/>Website: <a href=\"http:\/\/www.yeziden-ostfriesland.de\" target=\"_new\" rel=\"noreferrer\">www.yeziden-ostfriesland.de<\/a><\/p>\t\t\t\t\t\t<\/div>\n\t\t\t\t<\/div>\n\t\t\t\t\t<\/div>\n\t\t<\/div>\n\t\t\t\t<div class=\"elementor-column elementor-col-50 elementor-top-column elementor-element elementor-element-30b2963\" data-id=\"30b2963\" data-element_type=\"column\" data-settings=\"{&quot;background_background&quot;:&quot;classic&quot;}\">\n\t\t\t<div class=\"elementor-widget-wrap elementor-element-populated\">\n\t\t\t\t\t\t<div class=\"elementor-element elementor-element-8b67026 elementor-widget elementor-widget-text-editor\" data-id=\"8b67026\" data-element_type=\"widget\" data-widget_type=\"text-editor.default\">\n\t\t\t\t<div class=\"elementor-widget-container\">\n\t\t\t\t\t\t\t<p><strong>Registereintrag:<\/strong>\u00a0<\/p><p>Eingetragen im Vereinsregister.<br \/>Registergericht: Amtsgericht Aurich<br \/>Registernummer: VR 110483<\/p><p><strong>Verantwortlich f\u00fcr den Inhalt nach \u00a7 55 Abs. 2 RStV:<\/strong>\u00a0<\/p><p>Volkan Pamukcu und Kadri Tunc<br \/>Dr.-Warsing-Str. 81<br \/>26802 Moormerland<br \/>Ostfriesland, Deutschland<\/p>\t\t\t\t\t\t<\/div>\n\t\t\t\t<\/div>\n\t\t\t\t\t<\/div>\n\t\t<\/div>\n\t\t\t\t\t<\/div>\n\t\t<\/section>\n\t\t\t\t<section class=\"elementor-section elementor-top-section elementor-element elementor-element-844324f elementor-section-boxed elementor-section-height-default elementor-section-height-default\" data-id=\"844324f\" data-element_type=\"section\">\n\t\t\t\t\t\t<div class=\"elementor-container elementor-column-gap-default\">\n\t\t\t\t\t<div class=\"elementor-column elementor-col-100 elementor-top-column elementor-element elementor-element-332477b\" data-id=\"332477b\" data-element_type=\"column\" data-settings=\"{&quot;background_background&quot;:&quot;classic&quot;}\">\n\t\t\t<div class=\"elementor-widget-wrap elementor-element-populated\">\n\t\t\t\t\t\t<div class=\"elementor-element elementor-element-a0e31c3 elementor-widget elementor-widget-text-editor\" data-id=\"a0e31c3\" data-element_type=\"widget\" data-widget_type=\"text-editor.default\">\n\t\t\t\t<div class=\"elementor-widget-container\">\n\t\t\t\t\t\t\t<p><strong>Haftungsausschluss:<\/strong><\/p><p><strong>Haftung f\u00fcr Inhalte:<\/strong> Als Diensteanbieter sind wir gem\u00e4\u00df \u00a7 7 Abs.1 TMG f\u00fcr eigene Inhalte auf diesen Seiten nach den allgemeinen Gesetzen verantwortlich. Nach \u00a7\u00a7 8 bis 10 TMG sind wir als Diensteanbieter jedoch nicht verpflichtet, \u00fcbermittelte oder gespeicherte fremde Informationen zu \u00fcberwachen oder nach Umst\u00e4nden zu forschen, die auf eine rechtswidrige T\u00e4tigkeit hinweisen. Verpflichtungen zur Entfernung oder Sperrung der Nutzung von Informationen nach den allgemeinen Gesetzen bleiben hiervon unber\u00fchrt. Eine diesbez\u00fcgliche Haftung ist jedoch erst ab dem Zeitpunkt der Kenntnis einer konkreten Rechtsverletzung m\u00f6glich. Bei Bekanntwerden von entsprechenden Rechtsverletzungen werden wir diese Inhalte umgehend entfernen.<\/p><p><strong>Haftung f\u00fcr Links:<\/strong> Unser Angebot enth\u00e4lt Links zu externen Websites Dritter, auf deren Inhalte wir keinen Einfluss haben. Deshalb k\u00f6nnen wir f\u00fcr diese fremden Inhalte auch keine Gew\u00e4hr \u00fcbernehmen. F\u00fcr die Inhalte der verlinkten Seiten ist stets der jeweilige Anbieter oder Betreiber der Seiten verantwortlich. Die verlinkten Seiten wurden zum Zeitpunkt der Verlinkung auf m\u00f6gliche Rechtsverst\u00f6\u00dfe \u00fcberpr\u00fcft. Rechtswidrige Inhalte waren zum Zeitpunkt der Verlinkung nicht erkennbar. Eine permanente inhaltliche Kontrolle der verlinkten Seiten ist jedoch ohne konkrete Anhaltspunkte einer Rechtsverletzung nicht zumutbar. Bei Bekanntwerden von Rechtsverletzungen werden wir derartige Links umgehend entfernen.<\/p><p><strong>Urheberrecht:<\/strong> Die durch die Seitenbetreiber erstellten Inhalte und Werke auf diesen Seiten unterliegen dem deutschen Urheberrecht. Die Vervielf\u00e4ltigung, Bearbeitung, Verbreitung und jede Art der Verwertung au\u00dferhalb der Grenzen des Urheberrechtes bed\u00fcrfen der schriftlichen Zustimmung des jeweiligen Autors bzw. Erstellers. Downloads und Kopien dieser Seite sind nur f\u00fcr den privaten, nicht kommerziellen Gebrauch gestattet. Soweit die Inhalte auf dieser Seite nicht vom Betreiber erstellt wurden, werden die Urheberrechte Dritter beachtet. Insbesondere werden Inhalte Dritter als solche gekennzeichnet. Sollten Sie trotzdem auf eine Urheberrechtsverletzung aufmerksam werden, bitten wir um einen entsprechenden Hinweis. Bei Bekanntwerden von Rechtsverletzungen werden wir derartige Inhalte umgehend entfernen.<\/p><p><strong>Datenschutz:<\/strong> Die Nutzung unserer Website ist in der Regel ohne Angabe personenbezogener Daten m\u00f6glich. Soweit auf unseren Seiten personenbezogene Daten (beispielsweise Name, Anschrift oder E-Mail-Adressen) erhoben werden, erfolgt dies, soweit m\u00f6glich, stets auf freiwilliger Basis. Diese Daten werden ohne Ihre ausdr\u00fcckliche Zustimmung nicht an Dritte weitergegeben. Wir weisen darauf hin, dass die Daten\u00fcbertragung im Internet (z. B. bei der Kommunikation per E-Mail) Sicherheitsl\u00fccken aufweisen kann. Ein l\u00fcckenloser Schutz der Daten vor dem Zugriff durch Dritte ist nicht m\u00f6glich.<\/p><p><strong>Streitschlichtung:<\/strong> Wir sind nicht bereit oder verpflichtet, an Streitbeilegungsverfahren vor einer Verbraucherschlichtungsstelle teilzunehmen.<\/p>\t\t\t\t\t\t<\/div>\n\t\t\t\t<\/div>\n\t\t\t\t\t<\/div>\n\t\t<\/div>\n\t\t\t\t\t<\/div>\n\t\t<\/section>\n\t\t\t\t<\/div>\n\t\t","protected":false},"excerpt":{"rendered":"<p>Impressum E-Zi-Di Yezidischer Kulturverein in Ostfriesland e. V. Anschrift:\u00a0 E-Zi-Di Yezidischer Kulturverein in Ostfriesland e. V.Dr.-Warsing-Str. 8126802 MoormerlandOstfriesland, Deutschland Vertreten durch: Vorsitzender: Volkan Pamukcu Vorsitzender: Kadri Tunc Kontakt: Telefon: 04954 3051909E-Mail: team@yeziden-ostfriesland.deWebsite: www.yeziden-ostfriesland.de Registereintrag:\u00a0 Eingetragen im Vereinsregister.Registergericht: Amtsgericht AurichRegisternummer: VR 110483 Verantwortlich f\u00fcr den Inhalt nach \u00a7 55 Abs. 2 RStV:\u00a0 Volkan Pamukcu und Kadri&hellip;<\/p>\n","protected":false},"author":1,"featured_media":0,"parent":0,"menu_order":0,"comment_status":"closed","ping_status":"closed","template":"","meta":{"footnotes":""},"class_list":["post-643","page","type-page","status-publish","hentry"],"_links":{"self":[{"href":"https:\/\/yeziden-ostfriesland.de\/index.php?rest_route=\/wp\/v2\/pages\/643"}],"collection":[{"href":"https:\/\/yeziden-ostfriesland.de\/index.php?rest_route=\/wp\/v2\/pages"}],"about":[{"href":"https:\/\/yeziden-ostfriesland.de\/index.php?rest_route=\/wp\/v2\/types\/page"}],"author":[{"embeddable":true,"href":"https:\/\/yeziden-ostfriesland.de\/index.php?rest_route=\/wp\/v2\/users\/1"}],"replies":[{"embeddable":true,"href":"https:\/\/yeziden-ostfriesland.de\/index.php?rest_route=%2Fwp%2Fv2%2Fcomments&post=643"}],"version-history":[{"count":63,"href":"https:\/\/yeziden-ostfriesland.de\/index.php?rest_route=\/wp\/v2\/pages\/643\/revisions"}],"predecessor-version":[{"id":2079,"href":"https:\/\/yeziden-ostfriesland.de\/index.php?rest_route=\/wp\/v2\/pages\/643\/revisions\/2079"}],"wp:attachment":[{"href":"https:\/\/yeziden-ostfriesland.de\/index.php?rest_route=%2Fwp%2Fv2%2Fmedia&parent=643"}],"curies":[{"name":"wp","href":"https:\/\/api.w.org\/{rel}","templated":true}]}}

<div data-elementor-type="wp-post" data-elementor-id="643" class="elementor elementor-643">
						<section class="elementor-section elementor-top-section elementor-element elementor-element-f8bade3 elementor-section-boxed elementor-section-height-default elementor-section-height-default" data-id="f8bade3" data-element_type="section">
						<div class="elementor-container elementor-column-gap-default">
					<div class="elementor-column elementor-col-100 elementor-top-column elementor-element elementor-element-869558e" data-id="869558e" data-element_type="column" data-settings="{&quot;background_background&quot;:&quot;classic&quot;}">
			<div class="elementor-widget-wrap elementor-element-populated">
						<div class="elementor-element elementor-element-2e6dc12 elementor-view-framed elementor-shape-circle elementor-widget elementor-widget-icon" data-id="2e6dc12" data-element_type="widget" data-widget_type="icon.default">
				<div class="elementor-widget-container">
					<div class="elementor-icon-wrapper">
			<div class="elementor-icon elementor-animation-pulse-grow">
			<i aria-hidden="true" class="fas fa-gavel"></i>			</div>
		</div>
				</div>
				</div>
				<div class="elementor-element elementor-element-58fc515 elementor-widget elementor-widget-heading" data-id="58fc515" data-element_type="widget" data-widget_type="heading.default">
				<div class="elementor-widget-container">
			<h2 class="elementor-heading-title elementor-size-default">Impressum</h2>		</div>
				</div>
					</div>
		</div>
					</div>
		</section>
				<section class="elementor-section elementor-top-section elementor-element elementor-element-cccffb7 elementor-section-boxed elementor-section-height-default elementor-section-height-default" data-id="cccffb7" data-element_type="section">
						<div class="elementor-container elementor-column-gap-default">
					<div class="elementor-column elementor-col-50 elementor-top-column elementor-element elementor-element-256d688" data-id="256d688" data-element_type="column" data-settings="{&quot;background_background&quot;:&quot;classic&quot;}">
			<div class="elementor-widget-wrap elementor-element-populated">
						<div class="elementor-element elementor-element-02d54ca elementor-widget elementor-widget-text-editor" data-id="02d54ca" data-element_type="widget" data-widget_type="text-editor.default">
				<div class="elementor-widget-container">
							<h3><strong style="font-size: 17px; letter-spacing: 0px;">E-Zi-Di Yezidischer Kulturverein in Ostfriesland e. V.</strong></h3><p><strong>Anschrift:</strong> </p><p>E-Zi-Di Yezidischer Kulturverein in Ostfriesland e. V.<br />Dr.-Warsing-Str. 81<br />26802 Moormerland<br />Ostfriesland, Deutschland</p><p><strong>Vertreten durch:</strong></p><ol><li>Vorsitzender: Volkan Pamukcu</li><li>Vorsitzender: Kadri Tunc</li></ol><p><strong>Kontakt:</strong> Telefon: 04954 3051909<br />E-Mail: <a rel="noreferrer">team@yeziden-ostfriesland.de</a><br />Website: <a href="http://www.yeziden-ostfriesland.de" target="_new" rel="noreferrer">www.yeziden-ostfriesland.de</a></p>						</div>
				</div>
					</div>
		</div>
				<div class="elementor-column elementor-col-50 elementor-top-column elementor-element elementor-element-30b2963" data-id="30b2963" data-element_type="column" data-settings="{&quot;background_background&quot;:&quot;classic&quot;}">
			<div class="elementor-widget-wrap elementor-element-populated">
						<div class="elementor-element elementor-element-8b67026 elementor-widget elementor-widget-text-editor" data-id="8b67026" data-element_type="widget" data-widget_type="text-editor.default">
				<div class="elementor-widget-container">
							<p><strong>Registereintrag:</strong> </p><p>Eingetragen im Vereinsregister.<br />Registergericht: Amtsgericht Aurich<br />Registernummer: VR 110483</p><p><strong>Verantwortlich für den Inhalt nach § 55 Abs. 2 RStV:</strong> </p><p>Volkan Pamukcu und Kadri Tunc<br />Dr.-Warsing-Str. 81<br />26802 Moormerland<br />Ostfriesland, Deutschland</p>						</div>
				</div>
					</div>
		</div>
					</div>
		</section>
				<section class="elementor-section elementor-top-section elementor-element elementor-element-844324f elementor-section-boxed elementor-section-height-default elementor-section-height-default" data-id="844324f" data-element_type="section">
						<div class="elementor-container elementor-column-gap-default">
					<div class="elementor-column elementor-col-100 elementor-top-column elementor-element elementor-element-332477b" data-id="332477b" data-element_type="column" data-settings="{&quot;background_background&quot;:&quot;classic&quot;}">
			<div class="elementor-widget-wrap elementor-element-populated">
						<div class="elementor-element elementor-element-a0e31c3 elementor-widget elementor-widget-text-editor" data-id="a0e31c3" data-element_type="widget" data-widget_type="text-editor.default">
				<div class="elementor-widget-container">
							<p><strong>Haftungsausschluss:</strong></p><p><strong>Haftung für Inhalte:</strong> Als Diensteanbieter sind wir gemäß § 7 Abs.1 TMG für eigene Inhalte auf diesen Seiten nach den allgemeinen Gesetzen verantwortlich. Nach §§ 8 bis 10 TMG sind wir als Diensteanbieter jedoch nicht verpflichtet, übermittelte oder gespeicherte fremde Informationen zu überwachen oder nach Umständen zu forschen, die auf eine rechtswidrige Tätigkeit hinweisen. Verpflichtungen zur Entfernung oder Sperrung der Nutzung von Informationen nach den allgemeinen Gesetzen bleiben hiervon unberührt. Eine diesbezügliche Haftung ist jedoch erst ab dem Zeitpunkt der Kenntnis einer konkreten Rechtsverletzung möglich. Bei Bekanntwerden von entsprechenden Rechtsverletzungen werden wir diese Inhalte umgehend entfernen.</p><p><strong>Haftung für Links:</strong> Unser Angebot enthält Links zu externen Websites Dritter, auf deren Inhalte wir keinen Einfluss haben. Deshalb können wir für diese fremden Inhalte auch keine Gewähr übernehmen. Für die Inhalte der verlinkten Seiten ist stets der jeweilige Anbieter oder Betreiber der Seiten verantwortlich. Die verlinkten Seiten wurden zum Zeitpunkt der Verlinkung auf mögliche Rechtsverstöße überprüft. Rechtswidrige Inhalte waren zum Zeitpunkt der Verlinkung nicht erkennbar. Eine permanente inhaltliche Kontrolle der verlinkten Seiten ist jedoch ohne konkrete Anhaltspunkte einer Rechtsverletzung nicht zumutbar. Bei Bekanntwerden von Rechtsverletzungen werden wir derartige Links umgehend entfernen.</p><p><strong>Urheberrecht:</strong> Die durch die Seitenbetreiber erstellten Inhalte und Werke auf diesen Seiten unterliegen dem deutschen Urheberrecht. Die Vervielfältigung, Bearbeitung, Verbreitung und jede Art der Verwertung außerhalb der Grenzen des Urheberrechtes bedürfen der schriftlichen Zustimmung des jeweiligen Autors bzw. Erstellers. Downloads und Kopien dieser Seite sind nur für den privaten, nicht kommerziellen Gebrauch gestattet. Soweit die Inhalte auf dieser Seite nicht vom Betreiber erstellt wurden, werden die Urheberrechte Dritter beachtet. Insbesondere werden Inhalte Dritter als solche gekennzeichnet. Sollten Sie trotzdem auf eine Urheberrechtsverletzung aufmerksam werden, bitten wir um einen entsprechenden Hinweis. Bei Bekanntwerden von Rechtsverletzungen werden wir derartige Inhalte umgehend entfernen.</p><p><strong>Datenschutz:</strong> Die Nutzung unserer Website ist in der Regel ohne Angabe personenbezogener Daten möglich. Soweit auf unseren Seiten personenbezogene Daten (beispielsweise Name, Anschrift oder E-Mail-Adressen) erhoben werden, erfolgt dies, soweit möglich, stets auf freiwilliger Basis. Diese Daten werden ohne Ihre ausdrückliche Zustimmung nicht an Dritte weitergegeben. Wir weisen darauf hin, dass die Datenübertragung im Internet (z. B. bei der Kommunikation per E-Mail) Sicherheitslücken aufweisen kann. Ein lückenloser Schutz der Daten vor dem Zugriff durch Dritte ist nicht möglich.</p><p><strong>Streitschlichtung:</strong> Wir sind nicht bereit oder verpflichtet, an Streitbeilegungsverfahren vor einer Verbraucherschlichtungsstelle teilzunehmen.</p>						</div>
				</div>
					</div>
		</div>
					</div>
		</section>
				</div>

<p>Impressum E-Zi-Di Yezidischer Kulturverein in Ostfriesland e. V. Anschrift:  E-Zi-Di Yezidischer Kulturverein in Ostfriesland e. V.Dr.-Warsing-Str. 8126802 MoormerlandOstfriesland, Deutschland Vertreten durch: Vorsitzender: Volkan Pamukcu Vorsitzender: Kadri Tunc Kontakt: Telefon: 04954 3051909E-Mail: team@yeziden-ostfriesland.deWebsite: www.yeziden-ostfriesland.de Registereintrag:  Eingetragen im Vereinsregister.Registergericht: Amtsgericht AurichRegisternummer: VR 110483 Verantwortlich für den Inhalt nach § 55 Abs. 2 RStV:  Volkan Pamukcu und Kadri&hellip;</p>
